{"id":493,"date":"2024-11-29T21:35:02","date_gmt":"2024-11-29T21:35:02","guid":{"rendered":"https:\/\/mexmotor.com\/?post_type=product&#038;p=493"},"modified":"2024-12-05T19:50:19","modified_gmt":"2024-12-05T19:50:19","slug":"motor-kicks-2016-2025-original-nissan-2-anos-de-garantia","status":"publish","type":"product","link":"https:\/\/mexmotor.com\/index.php\/product\/motor-kicks-2016-2025-original-nissan-2-anos-de-garantia\/","title":{"rendered":"Motor Kicks 2016-2025 Original Nissan 2 A\u00f1os de Garantia"},"content":{"rendered":"<p>Motor Kicks 2016-2025 Original Nissan 2 A\u00f1os de Garantia Nuevo de fabrica incluye kit de instalaci\u00f3n<\/p>\n<p>1. Filtro de Aire Original Nissan<br \/>\n2. Filtro de Aceite Original Nissan<br \/>\n3. Anticongelante Mobil (3.73L, Concentraci\u00f3n al 50%)<\/p>\n<form class=\"ui-pdp-bookmark ui-pdp-bookmark__link-bookmark\" action=\"https:\/\/articulo.mercadolibre.com.mx\/p\/MLM2136849283\/bookmark\/add\/MLM2136849283\" method=\"post\"><\/form>\n","protected":false},"excerpt":{"rendered":"<p>Motor Kicks 2016-2025 Original Nissan 2 A\u00f1os de Garantia Nuevo de fabrica incluye kit de instalaci\u00f3n 1. Filtro de Aire Original Nissan 2. Filtro de Aceite Original Nissan 3. Anticongelante Mobil (3.73L, Concentraci\u00f3n al 50%)<\/p>\n","protected":false},"featured_media":494,"comment_status":"open","ping_status":"closed","template":"","meta":[],"product_cat":[22],"product_tag":[31,23],"class_list":{"0":"post-493","1":"product","2":"type-product","3":"status-publish","4":"has-post-thumbnail","6":"product_cat-nissan","7":"product_tag-kiks","8":"product_tag-nissan","10":"first","11":"instock","12":"shipping-taxable","13":"purchasable","14":"product-type-simple"},"_links":{"self":[{"href":"https:\/\/mexmotor.com\/index.php\/wp-json\/wp\/v2\/product\/493"}],"collection":[{"href":"https:\/\/mexmotor.com\/index.php\/wp-json\/wp\/v2\/product"}],"about":[{"href":"https:\/\/mexmotor.com\/index.php\/wp-json\/wp\/v2\/types\/product"}],"replies":[{"embeddable":true,"href":"https:\/\/mexmotor.com\/index.php\/wp-json\/wp\/v2\/comments?post=493"}],"wp:featuredmedia":[{"embeddable":true,"href":"https:\/\/mexmotor.com\/index.php\/wp-json\/wp\/v2\/media\/494"}],"wp:attachment":[{"href":"https:\/\/mexmotor.com\/index.php\/wp-json\/wp\/v2\/media?parent=493"}],"wp:term":[{"taxonomy":"product_cat","embeddable":true,"href":"https:\/\/mexmotor.com\/index.php\/wp-json\/wp\/v2\/product_cat?post=493"},{"taxonomy":"product_tag","embeddable":true,"href":"https:\/\/mexmotor.com\/index.php\/wp-json\/wp\/v2\/product_tag?post=493"}],"curies":[{"name":"wp","href":"https:\/\/api.w.org\/{rel}","templated":true}]}}